{"id":317,"date":"2017-12-20T17:15:54","date_gmt":"2017-12-20T16:15:54","guid":{"rendered":"http:\/\/grrzzz.org\/wp\/?page_id=317"},"modified":"2018-10-30T15:43:25","modified_gmt":"2018-10-30T14:43:25","slug":"ce-que-nous-sommeswhat-we-are","status":"publish","type":"page","link":"https:\/\/grrzzz.org\/?page_id=317","title":{"rendered":"ce que nous sommes&#8230;&#8230;&#8230;&#8230;.."},"content":{"rendered":"<p><span style=\"font-family: Arial,sans-serif;\"><b><img loading=\"lazy\" decoding=\"async\" class=\"alignnone wp-image-346\" src=\"http:\/\/grrzzz.org\/wp\/wp-content\/uploads\/2017\/12\/GrzRegressionnAch-227x300.jpg\" alt=\"GrzRegressionnAch\" width=\"563\" height=\"744\" srcset=\"https:\/\/grrzzz.org\/wp\/wp-content\/uploads\/2017\/12\/GrzRegressionnAch-227x300.jpg 227w, https:\/\/grrzzz.org\/wp\/wp-content\/uploads\/2017\/12\/GrzRegressionnAch.jpg 323w\" sizes=\"auto, (max-width: 563px) 85vw, 563px\" \/><\/b><\/span><\/p>\n<p><span style=\"font-family: Arial,sans-serif;\"><b>GRRZZZ\u2026\u2026\u2026\u2026\u2026car il faut que \u00e7a grince, comme le son que fait un jack que l\u2019on branche dans une guitare avec l\u2019ampli allum\u00e9 tr\u00e8s fort\u2026<\/b><\/span><\/p>\n<p><span style=\"font-family: Arial,sans-serif; color: #00ffff;\"><b><span style=\"font-size: medium;\">T<\/span><span style=\"font-size: medium;\">extes noirs, politiques et teigneux. <\/span><span style=\"font-size: medium;\">R<\/span><span style=\"font-size: medium;\">iff<\/span><span style=\"font-size: medium;\">s<\/span><span style=\"font-size: medium;\"> de guitare lourds et ac\u00e9r\u00e9s, des m\u00e9lodies \u00e9lectroniques et bruitistes obs\u00e9dantes et des rythmes marteaux.<\/span><\/b><\/span><\/p>\n<p><span style=\"font-family: Arial,sans-serif;\"><b>Pimpox \u00e0 toute l\u2019\u00e9lectronique ( synth\u00e9s, programmations, samplers, etc. ) et voix.<\/b><\/span><\/p>\n<p><span style=\"font-family: Arial,sans-serif;\"><b>P\u00e9p\u00e9 aux guitares et aux hurlements acharn\u00e9s.<\/b><\/span><\/p>\n<p><span style=\"font-family: Arial,sans-serif;\"><b>Nous tournons \u00e9norm\u00e9ment dans toute la sc\u00e8ne alternative europ\u00e9enne. Il n\u2019 y a gu\u00e8re que les pays baltes qui ont jusqu\u2019\u00e0 pr\u00e9sent \u00e9chapp\u00e9 \u00e0 notre intrusion.<\/b><\/span><\/p>\n<p><span style=\"font-family: Arial,sans-serif;\"><b>Nos 4 albums se sont retrouv\u00e9s dans des labels allant de Sordide Sentimental ( label-culte qui a sorti Throbbing Gristle, Psychic TV ) jusqu\u2019\u00e0 Dtrash, de Toronto Canada, qui officie comme diffuseur de musiques punk \u00e9lectroniques et tordues. Nous ont aussi fait confiance des labels tel que Attila tralala, Aredje, Maloka ou NKS International.<\/b><\/span><\/p>\n<p><span style=\"font-family: Arial,sans-serif;\"><b>4 LP donc:<\/b><\/span><\/p>\n<p><span style=\"font-family: Arial,sans-serif;\"><b>2002\u00a0\u00a0 Un peu de souplesse dans les barbel\u00e9s <\/b><\/span><\/p>\n<p><span style=\"font-family: Arial,sans-serif;\"><b>2006 \u00a0 Optima ferox <\/b><\/span><\/p>\n<p><span style=\"font-family: Arial,sans-serif;\"><b>2010 \u00a0 Dans le sens du poil <\/b><\/span><\/p>\n<p><span style=\"font-family: Arial,sans-serif;\"><b>2016\u00a0\u00a0 Geriatric disaster <\/b><\/span><\/p>\n<p>\u2026<span style=\"font-family: Arial,sans-serif;\"><b>. + une compil de 2011 rassemblant 21 groupes d\u2019un peu partout qui reprennent chacun un morceau \u00e0 nous, \u00e7a s\u2019appelle \u00ab100 ans de carri\u00e8re\u00bb.<\/b><\/span><\/p>\n<p>&nbsp;<\/p>\n<p>&nbsp;<\/p>\n<p>&nbsp;<\/p>\n<p>&nbsp;<\/p>\n<p>&nbsp;<\/p>\n<p>&nbsp;<\/p>\n<p>&nbsp;<\/p>\n<p>&nbsp;<\/p>\n<p>&nbsp;<\/p>\n<p>&nbsp;<\/p>\n<p>&nbsp;<\/p>\n<p>&nbsp;<\/p>\n<p>&nbsp;<\/p>\n<p>&nbsp;<\/p>\n<p>&nbsp;<\/p>\n<p>&nbsp;<\/p>\n<p>&nbsp;<\/p>\n<p>&nbsp;<\/p>\n<p>&nbsp;<\/p>\n<p>&nbsp;<\/p>\n<p>&nbsp;<\/p>\n<p>&nbsp;<\/p>\n<p>&nbsp;<\/p>\n<p>&nbsp;<\/p>\n<p>&nbsp;<\/p>\n<p>&nbsp;<\/p>\n<p>&nbsp;<\/p>\n<p>&nbsp;<\/p>\n<p>&nbsp;<\/p>\n<p>&nbsp;<\/p>\n<p>&nbsp;<\/p>\n<p>&nbsp;<\/p>\n<p>&nbsp;<\/p>\n<p>&nbsp;<\/p>\n<p>&nbsp;<\/p>\n<p>&nbsp;<\/p>\n<p>&nbsp;<\/p>\n<p>&nbsp;<\/p>\n<p>&nbsp;<\/p>\n<p>&nbsp;<\/p>\n<p>&nbsp;<\/p>\n<p>&nbsp;<\/p>\n<p>&nbsp;<\/p>\n<p>&nbsp;<\/p>\n<p>&nbsp;<\/p>\n<p>&nbsp;<\/p>\n<p>&nbsp;<\/p>\n<p>&nbsp;<\/p>\n<p>&nbsp;<\/p>\n<p>&nbsp;<\/p>\n<p>&nbsp;<\/p>\n<p>&nbsp;<\/p>\n<p>&nbsp;<\/p>\n<p>&nbsp;<\/p>\n<p>&nbsp;<\/p>\n<p>&nbsp;<\/p>\n<p>&nbsp;<\/p>\n<p>&nbsp;<\/p>\n<p>&nbsp;<\/p>\n<p>&nbsp;<\/p>\n<p>&nbsp;<\/p>\n<p>&nbsp;<\/p>\n<p>&nbsp;<\/p>\n<p>&nbsp;<\/p>\n<p>&nbsp;<\/p>\n<p>&nbsp;<\/p>\n<p>&nbsp;<\/p>\n<p>&nbsp;<\/p>\n<p>&nbsp;<\/p>\n<p>&nbsp;<\/p>\n<p>&nbsp;<\/p>\n<p>&nbsp;<\/p>\n<p>&nbsp;<\/p>\n<p>&nbsp;<\/p>\n<p>&nbsp;<\/p>\n<p>&nbsp;<\/p>\n<p>&nbsp;<\/p>\n<p>&nbsp;<\/p>\n<p>&nbsp;<\/p>\n<p>&nbsp;<\/p>\n<p>&nbsp;<\/p>\n<p>&nbsp;<\/p>\n<p>&nbsp;<\/p>\n<p>&nbsp;<\/p>\n<p>&nbsp;<\/p>\n<p>&nbsp;<\/p>\n<p>&nbsp;<\/p>\n<p>&nbsp;<\/p>\n<p>&nbsp;<\/p>\n<p>&nbsp;<\/p>\n<p>&nbsp;<\/p>\n<p>&nbsp;<\/p>\n<p>&nbsp;<\/p>\n<p>&nbsp;<\/p>\n<p>&nbsp;<\/p>\n<p>&nbsp;<\/p>\n<p>&nbsp;<\/p>\n<p>&nbsp;<\/p>\n<p>&nbsp;<\/p>\n<p>&nbsp;<\/p>\n<p>&nbsp;<\/p>\n<p>&nbsp;<\/p>\n<p>&nbsp;<\/p>\n<p>&nbsp;<\/p>\n<p>&nbsp;<\/p>\n<p>&nbsp;<\/p>\n<p>&nbsp;<\/p>\n<p>&nbsp;<\/p>\n<p>&nbsp;<\/p>\n<p>&nbsp;<\/p>\n<p>&nbsp;<\/p>\n<p>&nbsp;<\/p>\n<p>&nbsp;<\/p>\n<p>&nbsp;<\/p>\n<p>&nbsp;<\/p>\n<p>&nbsp;<\/p>\n<p>&nbsp;<\/p>\n<p>&nbsp;<\/p>\n<p>&nbsp;<\/p>\n<p>&nbsp;<\/p>\n<p>&nbsp;<\/p>\n<p>&nbsp;<\/p>\n<p>&nbsp;<\/p>\n<p>&nbsp;<\/p>\n<p>&nbsp;<\/p>\n<p>&nbsp;<\/p>\n<p>&nbsp;<\/p>\n<p>&nbsp;<\/p>\n<p>&nbsp;<\/p>\n<p>&nbsp;<\/p>\n<p>&nbsp;<\/p>\n<p>&nbsp;<\/p>\n<p>&nbsp;<\/p>\n<p>&nbsp;<\/p>\n<p>&nbsp;<\/p>\n<p>&nbsp;<\/p>\n<p>&nbsp;<\/p>\n<p>&nbsp;<\/p>\n<p>&nbsp;<\/p>\n<p>&nbsp;<\/p>\n<p>&nbsp;<\/p>\n<p>&nbsp;<\/p>\n<p>&nbsp;<\/p>\n<p>&nbsp;<\/p>\n<p>&nbsp;<\/p>\n<p>&nbsp;<\/p>\n<p>&nbsp;<\/p>\n<p><b>\u00a0<\/b><span style=\"font-family: Arial,sans-serif;\"><b><br \/>\n<\/b><\/span><\/p>\n<p><b>\u00a0<\/b><\/p>\n","protected":false},"excerpt":{"rendered":"<p>GRRZZZ\u2026\u2026\u2026\u2026\u2026car il faut que \u00e7a grince, comme le son que fait un jack que l\u2019on branche dans une guitare avec l\u2019ampli allum\u00e9 tr\u00e8s fort\u2026 Textes noirs, politiques et teigneux. Riffs de guitare lourds et ac\u00e9r\u00e9s, des m\u00e9lodies \u00e9lectroniques et bruitistes obs\u00e9dantes et des rythmes marteaux. Pimpox \u00e0 toute l\u2019\u00e9lectronique ( synth\u00e9s, programmations, samplers, etc. ) &hellip; <a href=\"https:\/\/grrzzz.org\/?page_id=317\" class=\"more-link\">Continuer la lecture<span class=\"screen-reader-text\"> de &laquo;&nbsp;ce que nous sommes&#8230;&#8230;&#8230;&#8230;..&nbsp;&raquo;<\/span><\/a><\/p>\n","protected":false},"author":2,"featured_media":0,"parent":0,"menu_order":0,"comment_status":"closed","ping_status":"closed","template":"","meta":{"footnotes":""},"class_list":["post-317","page","type-page","status-publish","hentry"],"_links":{"self":[{"href":"https:\/\/grrzzz.org\/index.php?rest_route=\/wp\/v2\/pages\/317","targetHints":{"allow":["GET"]}}],"collection":[{"href":"https:\/\/grrzzz.org\/index.php?rest_route=\/wp\/v2\/pages"}],"about":[{"href":"https:\/\/grrzzz.org\/index.php?rest_route=\/wp\/v2\/types\/page"}],"author":[{"embeddable":true,"href":"https:\/\/grrzzz.org\/index.php?rest_route=\/wp\/v2\/users\/2"}],"replies":[{"embeddable":true,"href":"https:\/\/grrzzz.org\/index.php?rest_route=%2Fwp%2Fv2%2Fcomments&post=317"}],"version-history":[{"count":16,"href":"https:\/\/grrzzz.org\/index.php?rest_route=\/wp\/v2\/pages\/317\/revisions"}],"predecessor-version":[{"id":610,"href":"https:\/\/grrzzz.org\/index.php?rest_route=\/wp\/v2\/pages\/317\/revisions\/610"}],"wp:attachment":[{"href":"https:\/\/grrzzz.org\/index.php?rest_route=%2Fwp%2Fv2%2Fmedia&parent=317"}],"curies":[{"name":"wp","href":"https:\/\/api.w.org\/{rel}","templated":true}]}}